134
In base 10, what is 585556 + 5?
585561
In base 8, what is 3347 + 1435?
5004
In base 8, what is 257402277 + 11?
257402310
In base 3, what is -2211 + -22110022202020?
-22110022212001
In base 5, what is 11411 - -2342034?
2404000
In base 11, what is 5 + -6723871?
-6723867
In base 7, what is 5 + -3506425?
-3506420
In base 14, what is 7b9 - -2d6d3?
300ac
In base 5, what is 14421 - 222433?
-203012
In base 10, what is -57 + 11834?
11777
In base 16, what is -476a + 80?
-46ea
In base 7, what is 13364124 + -331?
13363463
In base 12, what is 3640 - -18065?
1b6a5
In base 11, what is 442 - 3632?
-31a0
In base 11, what is -734632 + 633?
-733aaa
In base 11, what is 371aa0 - -103?
3720a3
In base 10, what is -18 + -6850756?
-6850774
In base 15, what is -22 - -190142?
190120
In base 10, what is -8066 + -11219?
-19285
In base 8, what is -21140115 + 5?
-21140110
In base 16, what is 19b8 - 145a?
55e
In base 16, what is -5 - 2be2830?
-2be2835
In base 12, what is -544 + -1673?
-1bb7
In base 16, what is -9c6 + 4c8?
-4fe
In base 2, what is -1001 + 101000011110010?
101000011101001
In base 12, what is 1a8050 + 29?
1a8079
In base 13, what is -1a3b97 + -30?
-1a3bc7
In base 15, what is 5 - d8861?
-d885b
In base 14, what is -335a43 + 8?
-335a39
In base 13, what is -586b85 + 27?
-586b5b
In base 15, what is 321 - -21c565?
21c886
In base 13, what is -38212967 - -3?
-38212964
In base 8, what is -71320 - 416?
-71736
In base 6, what is 21 + 1013441?
1013502
In base 2, what is 1001011001010 - 1001000111011?
10001111
In base 2, what is 100011110 - -1110011001011010010?
1110011001111110000
In base 16, what is 2a19cf4 - -3?
2a19cf7
In base 9, what is 128802216 + 5?
128802222
In base 2, what is -10010101011 + -101110001010010000101?
-101110001100100110000
In base 3, what is 1112021220 + -1112121?
1110202022
In base 16, what is -439b57a + -4?
-439b57e
In base 4, what is -3 + -20330213232?
-20330213301
In base 5, what is -340400010 + -1021?
-340401031
In base 15, what is -43302b - 1?
-43302c
In base 6, what is 4 - 11154410532?
-11154410524
In base 2, what is -11101110001001100010 - -1011001011?
-11101101111110010111
In base 4, what is 10101122 + 10013?
10111201
In base 16, what is -238 - 1242?
-147a
In base 9, what is -5 + 112435463?
112435457
In base 10, what is 134157 - -395?
134552
In base 11, what is 5 + 2429317?
2429321
In base 6, what is 304111 + -14035?
250032
In base 5, what is -24340212122 + 4?
-24340212113
In base 4, what is -221023 + 32103301?
31222212
In base 15, what is a5 + -2398?
-22e3
In base 4, what is 10 - -113002233101311?
113002233101321
In base 12, what is -96915 - 3a?
-96953
In base 6, what is 5451 + 2053250?
2103141
In base 3, what is -2012211202 + -22222112?
-2112211021
In base 2, what is -1001011010 + 11000000100111?
10110111001101
In base 11, what is -7282722 + 3?
-728271a
In base 12, what is 43b2 - 478?
3b36
In base 13, what is -859902 - -20b?
-8596c4
In base 9, what is -35632 - 72?
-35714
In base 15, what is 3b376 - -15?
3b38b
In base 9, what is -78 - 3656027?
-3656116
In base 15, what is be31c4 - -3?
be31c7
In base 4, what is 101332122110 - -2?
101332122112
In base 3, what is 11 - 12110221111000?
-12110221110212
In base 16, what is 38c - -b3da?
b766
In base 9, what is 1 - 110417848?
-110417847
In base 2, what is -1111000010100111 - -10100?
-1111000010010011
In base 5, what is -13230313 - 40?
-13230403
In base 12, what is -195 + b7868?
b7693
In base 9, what is 4026 - 31436?
-26410
In base 11, what is 273 - 303354?
-303091
In base 10, what is -23 + -1701679?
-1701702
In base 10, what is 736 - 124746?
-124010
In base 12, what is -4 + -6a9a752?
-6a9a756
In base 2, what is 101 - -1001100011111001110010?
1001100011111001110111
In base 2, what is 1101110001 + -11011110100100?
-11010000110011
In base 11, what is -31 + -10a1a18?
-10a1a49
In base 16, what is -4 - -56a716c?
56a7168
In base 5, what is 303011303 + -11?
303011242
In base 3, what is -1022 + -221211111112?
-221211112211
In base 6, what is 230042 + 45540?
320022
In base 12, what is 55 - 26a261?
-26a208
In base 6, what is -3031153 + -413?
-3032010
In base 10, what is 96 + -342683?
-342587
In base 7, what is -1 - 3411241?
-3411242
In base 14, what is 45b4 + -6367?
-1b93
In base 5, what is -123100233 - 21?
-123100304
In base 5, what is 11312121122 - 10?
11312121112
In base 13, what is -4 + 3c92950?
3c92949
In base 9, what is 107 - 174733?
-174625
In base 11, what is 307a4 + -5795?
2600a
In base 8, what is -140161 + 354?
-137605
In base 2, what is -10000101010011111 + 110?
-10000101010011001
In base 6, what is 15215525 + 1301?
15221230
In base 5, what is -21224 - -404330?
333101
In base 2, what is 1101010 - -10010000011110111?
10010000101100001
In base 12, what is -734b3 + -a2?
-73595
In base 14, what is 6c97d2 + -12?
6c97c0
In base 2, what is 1000011010001011 - -111001011100?
1001010011100111
In base 12, what is 58872 + -60?
58812
In base 11, what is -527 + -a707?
-10133
In base 2, what is -1 - -110010000011110110011001?
110010000011110110011000
In base 9, what is 608353 + -2476?
605766
In base 16, what is 4 - -df38a?
df38e
In base 3, what is 210011211012112 - 11?
210011211012101
In base 4, what is -102 - 10022210?
-10022312
In base 15, what is 254 - -4e31c?
4e571
In base 14, what is -167c0c + 4?
-167c08
In base 11, what is -2302 - -1?
-2301
In base 16, what is 3 + 11e55b?
11e55e
In base 7, what is 55 + -13336104?
-13336016
In base 2, what is -1001000010001100000101010 + -110?
-1001000010001100000110000
In base 15, what is -7703 + -e12?
-8615
In base 4, what is 312202 - -13331130?
20303332
In base 12, what is -362 - -a216?
9a74
In base 16, what is b - -22bc92?
22bc9d
In base 11, what is 5 + 228061?
228066
In base 10, what is 986 + -1039?
-53
In base 9, what is 1001306 - -14?
1001321
In base 3, what is -20002110 + -2220020000?
-10010022110
In base 4, what is -201021021121 + 102?
-201021021013
In base 11, what is -15a90 + 2aa?
-15791
In base 4, what is 32320303201 - -3?
32320303210
In base 7, what is -50214 - 4531?
-55045
In base 2, what is -11110010101111 + -111001101?
-11111001111100
In base 9, what is 3087 + -7504?
-4406
In base 6, what is -3514004 + 320?
-3513244
In base 7, what is 2256026144 + 3?
2256026150
In base 5, what is -300314 - -103022?
-142242
In base 12, what is 78384b + -6?
783845
In base 3, what is -1221111201 - 221212100?
-2220101001
In base 4, what is 2230200303011 + 3?
2230200303020
In base 8, what is 1 - -2443344476?
2443344477
In base 12, what is 2867 + -9a93?
-7228
In base 14, what is 1719804d + 4?
17198053
In base 5, what is 30000 + -224424304?
-224344304
In base 5, what is -1242340 + 22000?
-1220340
In base 3, what is 1202202 - 10002220110?
-10001010201
In base 16, what is -46 + -26629?
-2666f
In base 13, what is -254208 + -247?
-254452
In base 9, what is 0 - 478723366?
-478723366
In base 9, what is 4 - 42331758?
-42331754
In base 6, what is 4100232 + 21114?
4121350
In base 5, what is -23 - 10040113003?
-10040113031
In base 13, what is 205b - -4324?
6382
In base 12, what is 12 - 6211b1?
-62119b
In base 9, what is 24438 - -1143?
25582
In base 8, what is 523235 - -232?
523467
In base 10, what is 533353489 + 4?
533353493
In base 5, what is 14130414 + -11?
14130403
In base 14, what is -249 + -2b8127?
-2b8372
In base 13, what is 23 - -11b258?
11b27b
In base 14, what is 3770dd14 - -3?
3770dd17
In base 7, what is 1242234 + 305?
1242542
In base 9, what is -1732 + 131250?
128417
In base 16, what is 305 - 50c5?
-4dc0
In base 14, what is -aa9a3 + -5?
-aa9a8
In base 2, what is 10000010001001001100 + -100101010?
10000010000100100010
In base 8, what is -40163 + -102422?
-142605
In base 2, what is -10000111010101000101000010 + -10101?
-10000111010101000101010111
In base 10, what is 4267 + 4269?
8536
In base 11, what is 19 + -2943038?
-294301a
In base 13, what is 1358a47 + -95?
1358982
In base 14, what is -22707d + -4?
-227083
In base 8, what is 130 + -172121?
-171771
In base 4, what is 122 - -2302220?
2303002
In base 13, what is 359a08506 + -1?
359a08505
In base 6, what is -3 - 53134452254?
-53134452301
In base 15, what is 452411 + -1?
452410
In base 15, what is 3 - -dae59b8?
dae59bb
In base 13, what is 0 + 12b5428?
12b5428
In base 2, what is -10010111 - 11001110101001011?
-11001110111100010
In 